 - j. What is the units digit of h?
2
What is the units digit of 4*(-415306)/(-48) + 25/(-30)?
8
What is the thousands digit of (15898 - 1)*(-3)/(126/(-14))?
5
Suppose 1 = -a, 5*m - 4*a - 1256 = m. Let k = 579 - m. What is the hundreds digit of k?
2
Let z be 8 + -11 + (2 - -5). What is the tens digit of 80/(-12)*(z - 113/2)?
5
Let d be ((-9)/24)/((-6)/48). Suppose -d*i + 10*s - 6*s + 886 = 0, 5*i = 4*s + 1466. What is the units digit of i?
0
Suppose 4 = -g, 2*l - 10 = -0*g - 4*g. Let k = l - 27. What is the units digit of (k/6 - -2) + (-224)/(-6)?
7
Suppose -33 = -2*v - 21. Let r be (v/(-8))/(39/(-104)). What is the units digit of (-12)/(-8)*r - -3?
6
Let f(g) = 2547*g**2 + 2*g. Let z be f(1). Suppose 3*s - 2*p - 1906 = -0*p, 4*s - z = -5*p. What is the hundreds digit of s?
6
Let l(p) = -10*p**3 - 47*p**2 - 730*p - 5. What is the ten thousands digit of l(-13)?
2
Suppose -6*s + 5*s = -3*o + 524, -2*s = -2*o + 1068. Let v = s - -967. What is the hundreds digit of v?
4
Let t(q) = -71*q + 11. Let c be t(8). Let g = -287 - c. What is the hundreds digit of g?
2
Let z(x) = -7*x**3 - x**2 + 1. Let r be z(1). Let l(f) = -95*f + 82*f**2 - 16 - 84*f**2 + 76*f. What is the tens digit of l(r)?
1
Suppose 0 = -2*r + 10 - 6. What is the tens digit of 114/r*9/108*20?
9
Suppose 0 = 23*h - 19*h - 1628. Suppose 9*j - h = 574. What is the tens digit of j?
0
Let b be 27/(-15)*(-180)/18. Let w(t) = 690*t**2 + 3*t. Let a be w(-2). Suppose -b*v = -v - a. What is the tens digit of v?
6
Suppose -3 = -3*d, 48*s - 39*s - 2*d - 27997 = 0. What is the thousands digit of s?
3
What is the tens digit of 118751/5 + (-1408)/640?
4
Suppose -3*n + 189 = 39. Let j = 52 - n. Suppose -477 = -4*l + b, -j*l + 467 = 2*l + b. What is the hundreds digit of l?
1
Let j(h) = -171*h**2 + 4*h - 7. Let l(v) = -341*v**2 + 7*v - 14. Let w(b) = -5*j(b) + 3*l(b). Let p be w(-5). What is the tens digit of (-24)/56 + p/(-28)?
5
Suppose 0 = -g - 2*x + 14282, 0 = -0*g - 5*g - x + 71437. Let t = -15 + 9. What is the units digit of (g/36)/4 - t/(-27)?
9
Suppose 6*a = -5*a - 825. Let v(i) = 111*i**2 + 3*i - 2. Let l be v(1). Let h = l + a. What is the units digit of h?
7
Suppose w + 2*j = -535, 5*j = 4*w - 2*w + 1088. Let b = -42 - w. What is the units digit of b?
7
Let b = 76 - 60. Suppose 0 = -z + 17*h - b*h + 26, 0 = -4*z - h + 114. What is the tens digit of z?
2
What is the thousands digit of 0 + 9/(81/36684)?
4
Suppose 73674*b - 73658*b - 972320 = 0. What is the tens digit of b?
7
Let i(l) = -l**3 - 3*l**2 + 2. Let g be i(-2). Let q(o) = -29*o - 16. Let k(r) = -2*r - 3. Let f(t) = -5*k(t) + q(t). What is the tens digit of f(g)?
3
What is the hundreds digit of (-254)/254 + 3/((-3)/(-934))?
9
Suppose 2*a = -a - 6, 15 = m - 5*a. Let b(g) = 14*g**2 + 28. What is the hundreds digit of b(m)?
3
Suppose -3*h = -4*h - h. Suppose 2*o = -h*o - u + 652, o = -4*u + 312. What is the hundreds digit of o?
3
Let q(b) = 5*b + 71. Let n be q(-11). Suppose s = -5*j + 3092, 12*j + 2*s = n*j - 2468. What is the hundreds digit of j?
6
Suppose 6 = -3*g - 5*x, -2*x + 7*x = 4*g - 27. Suppose -4*p - 1363 = g*b + 2*b, 2*b + 538 = 2*p. Let r = 379 + b. What is the hundreds digit of r?
1
Suppose 91160 = 6*r + 2*r. What is the units digit of r?
5
What is the tens digit of 2/(-9) + 20/468*187603?
1
Let k(h) = -14*h + 223. Let d be k(19). What is the units digit of d/(((-54)/(-30))/(-9))?
5
Suppose 6*w = -4*j + 29180 + 38144, 0 = 4*w - 4*j - 44836. What is the units digit of w?
6
Suppose -6*q + 2020 = -q. Let v = q + -95. Suppose 57*d - v = 54*d. What is the tens digit of d?
0
Let y = -97 + 104. Let s = y + 183. What is the tens digit of s?
9
Let d(w) = -80*w + 10. Let x be d(4). Let l = x - -105. Let r = 293 + l. What is the tens digit of r?
8
Let x be ((-2)/5 - 17/(-255))*-1851. Let b = x + -520. What is the tens digit of b?
9
Suppose -4*x + 171 = x - 3*y, -87 = -2*x - 5*y. Suppose x + 159 = 5*b. Suppose d - b = -4. What is the units digit of d?
5
Suppose z = 4*p - 540, -40*z + 36*z = -4*p + 552. Let n = p + 416. What is the hundreds digit of n?
5
Let l be (-36)/(-198) - 9/(-11). Let n(m) = 10*m**3 + 4*m - 5. Let g be n(l). Suppose -g*s - 90 = -11*s. What is the tens digit of s?
4
Let x(p) = 3*p - 40. Let y be x(10). What is the hundreds digit of (8298/15)/((-6)/y)?
9
Let a(c) be the third derivative of c**5/20 + 5*c**4/6 - 21*c**3/2 + 17*c**2. What is the tens digit of a(-12)?
2
Let m = 316 + -297. Suppose m*p - 169 = 18*p - 4*s, 0 = 2*p - 2*s - 368. What is the tens digit of p?
8
Let c = 616 + -191. Suppose -f = -4*q + c, -4*q - 13*f = -17*f - 428. What is the units digit of q?
6
Let l(v) = v**3 - 11*v**2 - 4*v - 7. Let y be l(11). Let w = 55 + y. What is the units digit of (13/w)/(-2 + (-125)/(-60))?
9
Suppose 61 - 206 = 4*c + 3*j, -5 = -j. What is the thousands digit of c/(-6)*(-762)/(-4)?
1
Let y = -110 + 110. Suppose 4*n - 2*d + y*d - 1838 = 0, 0 = -2*n - d + 913. What is the tens digit of n?
5
Let x = 11913 - 7480. What is the tens digit of x?
3
Suppose -6*w - 4*g - 1039 = -3*w, 4*w - 4*g + 1404 = 0. Let c = 420 + w. What is the units digit of c?
1
Let q = 88 + -38. Let u = 51 - q. What is the tens digit of ((-737)/22)/(u/(-4))?
3
Suppose -38*s - 79*s + 4293972 = -36*s. What is the hundreds digit of s?
0
Suppose f + 88 = 5*v, 0*v + 204 = -3*f + 3*v. Let b be 3/f*57 - (-4)/(-14). What is the hundreds digit of b*85*(4 - 14/3)?
1
Let m = 2721 + -1144. What is the tens digit of m?
7
Suppose -l = -3*o + 5, 12 = 3*o + o - 4*l. Let h = 599 + o. What is the tens digit of h?
0
Let d(o) = 3*o**2 + 4*o - 1287. What is the hundreds digit of d(-56)?
8
Suppose -2022 = -3*m + 3*g - 2*g, -3 = g. Let u = m + -202. What is the units digit of u?
1
Let x(y) be the first derivative of -2*y**2 + 60*y + 16. What is the tens digit of x(7)?
3
Let h(o) = -o**2 - 23*o + 22. Let l be h(-17). Let q be l/(-5) - (30/25 - 2). What is the tens digit of q/(-3)*(-155)/(-10)?
2
Suppose -158*d = 333300 - 2871754 - 884774. What is the tens digit of d?
6
Suppose 14*f - 7*f = 14. What is the tens digit of (f - 11/4)*-1332?
9
Suppose -80*p - 4830496 = -256*p. What is the ten thousands digit of p?
2
Let j(l) = 10*l + 3. Let m be j(0). What is the tens digit of m + -4 + (11 - -470)?
8
Suppose -35*y + 42*y = 5187. Let r = 1209 - y. What is the hundreds digit of r?
4
Suppose 27*h = -841 - 428. Let x(l) = -6*l**2 + 2*l + 4. Let z be x(-3). Let d = h - z. What is the units digit of d?
9
Let n(y) = y**3 - 22*y**2 - 7*y - 32. Suppose -i + 11 = -3*f, 5*i - 135 = -f - 4*f. What is the tens digit of n(i)?
3
Let s be (11/6*6)/((-1)/(-2495)). Suppose 35*c + 8160 = s. What is the tens digit of c?
5
Suppose 16*t - 34*t = -1530. Suppose t*a = 77*a + 11880. What is the units digit of a?
5
Let a = -248 + 248. Suppose -5*s + 2*k + 2624 = a, 0 = -16*s + 11*s + 3*k + 2621. What is the hundreds digit of s?
5
Let a(o) = -5939*o - 5360. What is the tens digit of a(-5)?
3
Let k(y) = y**2 - 7*y + 16. Let g be k(5). Suppose -g*q = -5*r - q + 1520, 4*r - 5*q - 1216 = 0. What is the tens digit of r?
0
Let d = 11 - 7. Suppose c = 2*c - d*a - 371, -3 = a. What is the hundreds digit of c?
3
Let i(q) be the first derivative of q**3/3 + 41*q - 53. What is the tens digit of i(0)?
4
Let s(h) = -h**3 + 10*h**2 - 2*h + 14. Let c be s(10). Let p be -18*((-2)/c + -1). Let f(q) = -q**3 + 13*q**2 - 6*q - 5. What is the tens digit of f(p)?
6
Let n be (-10)/(-4)*(1 + (-2)/(-10)). Suppose 674 = -5*x + 2*u, -x = n*u + 107 + 21. Let h = -8 - x. What is the units digit of h?
6
What is the tens digit of (-2)/(-24) - (-8756813)/1380 - 3/5?
4
Let v = -171 + 239. Let r be 20/5 + (-2)/1. Let z = v + r. What is the tens digit of z?
7
Suppose -5*d = -4*s + 9, -5*d + 21 = 4*s - 3*s. Suppose -s*u = -1615 - 179. What is the tens digit of u?
9
Let x(q) = q**2 + 22*q + 28. Let c = 76 + -97. Let h be x(c). Suppose -5*b + h*m - 9*m + 346 = 0, 0 = b + 4*m - 80. What is the tens digit of b?
6
What is the hundreds digit of 4 + 153*(-2935)/(-30) - 2/4?
9
Let w = -932 - -1437. What is the hundreds digit of w - (-4)/((-5)/10*4)?
5
Suppose -4*q - 2*s = -8009 - 1211, -5*q - 2*s = -11522. What is the tens digit of q?
0
Let v = -2018 + 5015. What is the units digit of v?
7
Let p = -49 + 49. Suppose p = -2*y + 3*f + 727, 7*y = 6*y